ommon factor of j and v?
18
Let r be 2295/(-306) + (-59)/(-2). Calculate the greatest common factor of r and 979.
11
Suppose 6*g - g - 385 = 0. Let j = 80 - g. Suppose 2*y + 151 = 4*p - 13, -j*p = 5*y - 136. Calculate the greatest common factor of p and 12.
6
Let y = -293 + 319. Calculate the greatest common divisor of y and 702.
26
Let p be 2 + 6321 - (-207 + 194). What is the highest common factor of p and 176?
176
Let l = -67 - -71. Suppose 3*m = l*q - 11 + 3, -m - 2*q = -14. Suppose 74 = -m*p + 338. Calculate the highest common divisor of p and 33.
33
Suppose -284 = -g + 2*g + 2*v, 2*v = g + 292. Let k = g - -360. What is the highest common divisor of k and 63?
9
Suppose 74*j + 9275466 - 860781 = 209*j. Calculate the greatest common divisor of 237 and j.
237
Suppose -2*j - h + 13 = 0, -4*h + 17 = 4*j - j. Suppose -j*s = -357 - 28. Calculate the highest common factor of 77 and s.
11
Suppose -1625 = 13*t - 2135 - 4066. Suppose 4 + 29 = 3*h. What is the highest common factor of t and h?
11
Let x = 21 + -3. Let p(k) = k**2 + 18*k - 22. Let b be p(-19). Let h be -24*(-4)/(-12)*b. What is the greatest common divisor of h and x?
6
Suppose -9*y + 14*y = 4*f + 2486, 0 = -2*y - 4*f + 972. What is the highest common divisor of 4 and y?
2
Let l(k) = -2*k**3 + 24*k**2 - 9*k + 19. Let q be l(11). Suppose -4*a + 12 + 0 = 0, 5*h + 4*a - q = 0. What is the highest common factor of 6 and h?
6
Suppose 3*j - 24 = -3*z, -2*j - z + 3*z = 0. Let i(o) = 7*o**2 + 3*o - 19. Let h be i(j). Calculate the greatest common factor of 70 and h.
35
Let t be (48/(-28))/((-1)/7). Suppose 0*y - 3*y = -5*u + 8, -5*u = -20. Suppose 23*k - y - 65 = 0. What is the greatest common divisor of t and k?
3
Let c(r) = -74*r**3 + r**2 - r - 1. Let y be c(-1). Let s = -28555 + 28680. What is the highest common factor of y and s?
25
Let x(v) = 2*v**2 + 13*v - 37. Let k be x(-11). Calculate the highest common factor of 3286 and k.
62
Suppose 3*f + 415 - 1504 = -4*g, 1661 = 6*g - f. What is the highest common divisor of g and 11500?
92
Let w(z) = z**2 + 21*z - 20. Let v be w(8). Let m = 443 - v. Let h = 1 + 32. What is the highest common factor of h and m?
33
Let o(h) = -h**2 + 8*h + 9. Let i be o(7). Suppose -l - i = -2*l + j, 4*l - 69 = -j. Let v = 1 + l. Calculate the highest common factor of v and 90.
18
Let z be -7 + 8 + 1*428 + 1. Suppose -2*m + 415 = 2*k + 3*m, -2*k - 2*m = -z. What is the highest common factor of k and 40?
20
Let x be (1 + 4)*4582/395 - -8. Calculate the highest common factor of x and 1881.
33
Let b(u) = u**2 + 27*u - 82. Let l be b(-35). Suppose 7*w - 331 = -l. Calculate the highest common divisor of w and 133.
19
Let n(q) = -85 - 4*q - 6*q + 15*q - 2*q - 8*q. Let h be n(-25). What is the greatest common divisor of h and 40?
40
Let p be (465/2)/(1350/900). Calculate the highest common factor of p and 3100.
155
Suppose 4*j = 65 + 23. Suppose 21 = n + j. Let l(h) = -114*h + 6. Let a be l(n). What is the greatest common divisor of 30 and a?
30
Suppose 250 - 588 = -37*s + 994. Let f(m) = 30*m + 12. Let i be f(11). What is the greatest common divisor of s and i?
18
Suppose -c + 38 = 4*k, -193*k + 121 = 3*c - 188*k. Calculate the greatest common divisor of 14 and c.
14
Let d(j) = 13*j - 143. Let f be d(13). Let q(p) = -4*p**2 + 109*p + 24. Let w be q(f). What is the greatest common factor of w and 70?
14
Let y be ((-16)/24)/((-22)/23760). Calculate the greatest common factor of y and 1040.
80
Let r = 2186 + 227. Calculate the greatest common divisor of r and 19.
19
Suppose -3*t - 2*f + 1872 = -t, -2760 = -3*t + 5*f. What is the highest common divisor of 150 and t?
30
Let y = -18558 - -18697. What is the highest common factor of 15151 and y?
139
Suppose 3*k = 4*p - 22 + 6, -2*k - 11 = -3*p. What is the highest common divisor of 389 and p?
1
Let t be 12712/18 - 28/126. Suppose -19*u + 150 - 492 = 0. Let p be 100/36 + -3 - t/u. What is the highest common divisor of p and 26?
13
Let p(o) = -2*o. Let u(c) = -4*c + 21. Let i(h) = 6*p(h) - u(h). Let b be i(-4). What is the highest common divisor of b and 3?
1
Let b = 215 + -212. Suppose 11*s - 5512 = b*s. Calculate the greatest common factor of 13 and s.
13
Suppose 9*t - 15 = 4*t. Let q(a) = -3*a. Let r be q(0). Suppose 0*l - t*l + 90 = r. Calculate the highest common divisor of 6 and l.
6
Let h(w) = -195*w + 1931. Let g be h(9). Calculate the highest common factor of g and 55.
11
Let o(a) = 17*a - 343. Let g be o(23). Suppose -13*x + 5*x = -4992. What is the highest common factor of x and g?
48
Let q = -420 + 918. Let y = -71 + q. What is the highest common divisor of 122 and y?
61
Let a be (((-27)/6)/(189/(-72)))/((-3)/(-21)). What is the greatest common divisor of a and 426?
6
Let f be 16/10*4275/684. Suppose 3*g + 689 = 5*m + 30, 0 = -2*m - 4*g + 248. Calculate the greatest common divisor of m and f.
10
Suppose -12*x = 119 + 25. Let u be ((x/18)/(-1))/((-6)/(-135)). Calculate the highest common factor of 50 and u.
5
Let m be (-9 - 349/(-1))/2. What is the greatest common divisor of 34 and m?
34
Let p(i) = 2*i**2 + 7*i - 23. Suppose 0 = 2*y + 8, 3*y + y = -4*t + 12. Let m be p(t). Suppose -5*b + 46 = -m. What is the highest common factor of b and 51?
17
Suppose t + 2 = 3*t. Let z be (-1 + 28/(-10))*1/((-4)/20). Calculate the greatest common divisor of t and z.
1
Let f be (-2)/(-4)*-10*(-17 - -16). Let w = f + 31. Calculate the greatest common divisor of w and 288.
36
Let o(y) = -2*y**3 - 10*y**2 - 11*y + 36. Let g be o(-4). Calculate the greatest common factor of g and 14064.
48
Suppose -5*r - 27 + 37 = 0. Suppose -r*b - 4 = -d, -b + 5*d = 4*b + 5. Let l be b/(-4) - 850/(-40). What is the highest common divisor of l and 22?
22
Let y(t) = -31*t + 2430. Let p be y(44). What is the highest common factor of p and 26?
26
Suppose -4*o - 554 = -3*y, 5*y + 4*o - 692 = y. Suppose 2*b - y = 5*g - 6*g, -5*g - 5*b = -915. Calculate the greatest common factor of 141 and g.
47
Suppose 2*d - 9*d = -14. Let w be (-7)/7 - (3 - d)/(-1). Suppose w = -4*i, 5*n - i - 990 = -3*i. What is the greatest common divisor of 18 and n?
18
Let i be (1/3)/((-59735)/(-5430) + -11). Suppose 4*g = -7*d + 9*d - i, -3*d + 4*g = -549. What is the greatest common divisor of 34 and d?
17
Let o(z) = 17*z - 30. Let l(j) = 5*j + 65. Let y be l(-13). Suppose 18 = -y*k + 3*k. Let g be o(k). Calculate the highest common factor of g and 48.
24
Let v(t) = -201*t + 1336. Let k be v(6). What is the greatest common factor of 3614 and k?
26
Let a be -2*1*(495/(-198) + 0 + -17). Let z(m) = 16*m**2 - 5*m. Let p be z(6). Calculate the greatest common factor of a and p.
39
Let g be -63*((-920)/(-161) - 13). What is the greatest common divisor of g and 476?
17
Suppose 0 = -2*x - 2*x + 144. Let n be (-3)/((-54)/(-8)) - 160776/(-891). Calculate the highest common divisor of n and x.
36
Suppose 21*m + 305 - 884 = 1374. Calculate the highest common factor of m and 7285.
31
Suppose -51*q - 29*q = -41*q - 439335. Calculate the highest common divisor of 30 and q.
15
Let n(v) = -v**2 - 19*v + 15. Let o be n(-11). Let b(s) = 206*s - 103*s - o*s + 31*s**2 - 1. Let j be b(1). Calculate the highest common divisor of j and 10.
10
Let l(f) = -3*f - 8. Let r be l(-4). Let g be 4/(-10) - 84/(-35). Suppose r*w + v - 5*v - 20 = 0, 1 = w - g*v. What is the highest common divisor of w and 6?
3
Let v(t) = -14804*t - 41*t**2 - 2*t**3 - 5*t**2 - 3*t**2 - 51 + 14826*t. Let z be v(-25). What is the greatest common factor of 108 and z?
12
Let c = 25162 - 24945. What is the highest common divisor of 8 and c?
1
Suppose -17*q + 23511 = 21750 - 29094. Calculate the greatest common divisor of 135 and q.
15
Suppose 125*v - 129*v = -2080. Suppose 8*o = -2*o + v. What is the highest common factor of 13 and o?
13
Let t = 8016 - 7971. Let j be 1/2*(-324)/(-9). Calculate the greatest common factor of j and t.
9
Let b be ((-285)/38 - -6)/((-6)/112*1). Let v(t) = t**3 + 9*t**2 - 4*t - 8. Let c be v(-9). What is the greatest common factor of c and b?
28
Let i(l) = 176*l**2 + 3*l - 4. Let c be i(-3). Let t = c - 836. Suppose 9*a - 6*a - t = 0. What is the greatest common factor of a and 35?
35
Let z = -118 - -181. Suppose -z = -a - 2*a. Let j(x) = x**2 + 293*x - 18909. Let s be j(55). What is the greatest common fac